ors of (-1 + (-5 - -4))*b?
2, 3, 11
Suppose 0 = -3*v + 3. What are the prime factors of (-1)/(-2)*(-128)/(-2*v)?
2
Suppose -2*q = -7*q - 5*k + 210, 20 = -4*k. Let z(l) = -76*l**3 + l + 1. Let r be z(-1). Let o = r - q. List the prime factors of o.
29
Let u = -1616 + 2686. List the prime factors of u.
2, 5, 107
Let p(y) = 4*y**3 + 4 + 11*y**2 - 5*y**3 + 3*y + 8 + 9*y. List the prime factors of p(12).
2, 3
Let i(o) = -o**3 - 17*o**2 - 11*o + 9. List the prime factors of i(-18).
3, 59
Let j(d) = 44*d**3 - d**2 - 2*d + 3. Let u be j(1). Suppose 49*n - u*n = 330. What are the prime factors of n?
2, 3, 11
Suppose d - 12 = -5*g, 5*g = 3*d - 21 + 5. List the prime factors of d.
7
Let c be (-72)/(-10)*(0 + 5). Let s = c + 33. What are the prime factors of s?
3, 23
List the prime factors of ((-364)/(-8))/(2/28) - 3.
2, 317
Let m(t) be the first derivative of 2*t**3/3 + 3*t + 8. List the prime factors of m(-8).
131
Let t be 72*(2 + 10/(-15)). What are the prime factors of t - -2 - 0/4?
2, 7
Let c(r) = 5*r - 4. Let d be c(5). List the prime factors of 0 + d + 2/(-2*1).
2, 5
Suppose 8*w = 5*w + 18. Suppose w*s = -17 + 401. List the prime factors of s.
2
What are the prime factors of (24/6 + -4)/4 - -1114?
2, 557
Suppose 725 = 4*x - 587. List the prime factors of x.
2, 41
Suppose -6*u - 68 - 124 = 0. Let l = -30 - -71. Let m = u + l. What are the prime factors of m?
3
Suppose 197 = 4*h - g, 5*g - 265 = -13*h + 8*h. List the prime factors of h.
2, 5
Let z be (-3 + 4 + 0)/(2/(-658)). Let c = 627 + z. What are the prime factors of c?
2, 149
Let d be (-10)/4*(-16)/10. Suppose -d*i - 8*i + 1488 = 0. What are the prime factors of i?
2, 31
Let r = 8344 + -4705. List the prime factors of r.
3, 1213
Let r(b) be the third derivative of -11*b**4/24 - 4*b**3/3 + 37*b**2. What are the prime factors of r(-6)?
2, 29
Suppose -4*o + 491 = 71. Let k be (42/o)/(2/20). Suppose k*v = 34 + 74. List the prime factors of v.
3
List the prime factors of (-555)/(-5) + -2 + 6 + 0.
5, 23
Let i = 1801 + -1355. What are the prime factors of i?
2, 223
Suppose -31 + 0 = -z. Let k = z - 26. List the prime factors of k.
5
Suppose -48*w - 46584 = -127272. List the prime factors of w.
41
Let q = 9 + -5. Suppose s + q*o = -1, o + 3*o = -4. Suppose i - 14 = -5*m, -s*i - 5*m - 34 = -96. What are the prime factors of i?
2, 3
Let v(k) = -k**2 - 40*k + 46. List the prime factors of v(-33).
277
Let k(b) = 2*b**3 + 2*b**2 - 1. Let o be k(1). Suppose -83 = -o*x + 145. Suppose t - x = -3*t. List the prime factors of t.
19
Let b(d) = d**3 - 13*d**2 - 7*d - 5. Let k be b(14). Suppose 138 + k = 3*f. What are the prime factors of f?
7, 11
Let a = 3267 - 2141. What are the prime factors of a?
2, 563
Let w = 45 + -36. Let o(g) = 7*g + 12. List the prime factors of o(w).
3, 5
Let g(v) = -6*v + 175. List the prime factors of g(-34).
379
Let i = -768 + 1194. List the prime factors of i.
2, 3, 71
Suppose o + 40 = 4*a, -4*a - o + 32 = -0*o. Suppose 3 + a = x. What are the prime factors of x?
2, 3
Let n(l) = -l - 5. Let p be n(-4). Let a(c) = -27*c**2 - 10*c + 7. Let y(m) = 18*m**2 + 7*m - 5. Let q(x) = -5*a(x) - 7*y(x). List the prime factors of q(p).
2
Suppose 3*n + p + p - 32 = 0, 4*n - 5*p - 35 = 0. Suppose -z - 2*z = o - 4, 0 = o + 5*z - 2. Suppose -l + o = -n. List the prime factors of l.
17
Let c = 15 - 12. Suppose c*b - 4*b + 30 = 0. Suppose p + p = b. What are the prime factors of p?
3, 5
Let z be 0/(-2 - 3*-2). Suppose -2 + z = -t. Suppose 100 = 3*y + t*y. List the prime factors of y.
2, 5
Let q be (-3 - -1)/(-2 - -4). Let h = q + 4. Suppose -h*y + 36 = 3*y. What are the prime factors of y?
2, 3
Let c(t) = t + 7. Let x be c(-13). Let v = 11 + x. Suppose 3*k - v*k + 185 = 5*s, -2*s + 65 = -k. What are the prime factors of s?
5, 7
Let d = 350 - 130. Suppose 0 = -2*n - d. What are the prime factors of (156/(-10))/(33/n)?
2, 13
Let y(w) = w**3 - 8*w**2 + 11*w - 6. Let a be y(7). Let x = 19 - 17. Suppose 3*o + 2*k - 53 = 0, -2*o + 4*k = x*k - a. List the prime factors of o.
3, 5
Let v = -673 - -1190. List the prime factors of v.
11, 47
Let f be 3/(12/28) + (-2 - 0). Suppose -f*z + 915 = -5*b, -2*z + 368 = -0*b - b. What are the prime factors of z?
5, 37
Suppose 8 = 12*j - 10*j. What are the prime factors of (-26)/j*-6*(1 - -2)?
3, 13
Let j be 2/(-1) - -2*3. Suppose -2*s + 6 = 5*t, -3*s + 2*s + 3 = -j*t. Suppose s*x = -0*x + 48. List the prime factors of x.
2
Suppose 3*c - f + 148 = 0, -5*f = c + 41 + 3. Let n = c + 76. What are the prime factors of n?
3
Suppose 4*w = -0 - 12, -5*a - w = -22. Suppose 0*z - 12 = -5*z - 3*j, -3*z + 20 = a*j. Suppose 0 = -4*f - z*f + 36. What are the prime factors of f?
3
Suppose 0*t = -5*t - 515. Let g = t - 67. Let b = -121 - g. List the prime factors of b.
7
Let m = -139 + 1133. List the prime factors of m.
2, 7, 71
Suppose -8*o + 4*o + 24 = 3*b, 5*b - 75 = 5*o. Let m = -8 + b. Suppose -x + 38 = -5*j, -x + 7 = -m*j - 26. What are the prime factors of x?
13
Let q(s) = 7*s + 10. Let r be q(6). Suppose -26 - r = z. List the prime factors of z/(1 - (5 - 2)).
3, 13
Suppose c + 8*c - 2952 = 0. Suppose -3*q + 5*g = -c, 0 = q + 3*g - 86 - 14. What are the prime factors of q?
2, 53
Let a = -13 - 67. What are the prime factors of (-6)/(-4)*-2 - (a + 1)?
2, 19
Suppose 1339 - 118 = -11*m. Let f = 57 - m. List the prime factors of f.
2, 3, 7
Suppose b + 10*b + 1551 = 0. List the prime factors of 13 - b - (-4)/(-2).
2, 19
Let i = -431 + 1493. List the prime factors of i.
2, 3, 59
Let p = 1149 + -640. What are the prime factors of p?
509
Suppose -328 - 603 = -7*d. What are the prime factors of d?
7, 19
Suppose 0 = -5*t - 25, -g + 5*t = 296 - 1992. List the prime factors of g.
3, 557
Let d be (12/(-9))/((-2)/12). Let c = d - 6. Suppose 2*r = -c*r + 20. List the prime factors of r.
5
Let j(v) = -v**3 + 12*v**2 + 20*v - 14. What are the prime factors of j(-8)?
2, 7, 79
Let o(f) = -3*f - 6. Let y be o(-3). Suppose -34 = 2*l - y*l. List the prime factors of l.
2, 17
Let v = 2112 - 1143. List the prime factors of v.
3, 17, 19
Let t(v) = -6 + v + 3 + 10 + 3. Let o be t(-11). List the prime factors of (559/65)/(o/(-5)).
43
Suppose -3*v = -3*i - 9, v - 5 = -0*i - i. Let h(d) = 4*d + 3. Let a be h(1). Suppose 0 = c + 2*g + v, 0 = 2*c + 3*g - 2*g - a. List the prime factors of c.
2, 3
Let x(h) = -6*h + 2. Suppose -8 = 6*d - 2. Let o be x(d). Let u = 52 - o. What are the prime factors of u?
2, 11
Let w be 2626/14 - 69/(-161). What are the prime factors of w/8*(-12)/(-3)?
2, 47
Let n be 42*((-2)/3 - 0). List the prime factors of 48/(-20)*(n + 3).
2, 3, 5
Let j(l) = 5*l**2 - l + 80. What are the prime factors of j(8)?
2, 7
Let l(y) = 26*y**3 - 5*y**2 + 4*y + 14. Let f be l(-4). What are the prime factors of (f/(-24))/(3/8)?
2, 97
Suppose 11*b = 321 + 1857. What are the prime factors of (-66)/11*(-1)/(-2) + b?
3, 5, 13
Let s be (-3)/(-9) + 70/15. Suppose -s*q = -o + 1 + 1, 0 = 5*o - 2*q - 10. List the prime factors of o.
2
Let v = -494 - -657. What are the prime factors of v?
163
Suppose 0 = -a - a + 6. Suppose 4 = 5*v - a*v. List the prime factors of 55/v + (-15)/(-10).
29
Suppose -5*m + 24 = -2*w, 0*w - w - 27 = -5*m. Suppose m*s = s. Let l = 11 - s. List the prime factors of l.
11
Suppose -5*u + 6*u = -4*h + 4775, -2*h + 2365 = 5*u. List the prime factors of h.
5, 239
Suppose -2*v - v = 15, 2*g = v + 5. Suppose -7*t = -9*t + 536. Suppose g = -5*q + q + t. List the prime factors of q.
67
Let d = -22 - -44. List the prime factors of d.
2, 11
What are the prime factors of 704/2*(90/9 - -1)?
2, 11
Let x = 203 - 118. What are the prime factors of x?
5, 17
Let v(h) = -3*h + 5*h - 4*h + 2 + 3*h. Let k be v(-2). Let c(l) = l + 10. What are the prime factors of c(k)?
2, 5
Let g(q) = 74*q**3 - q + 2. Let f be g(1). Let s = f + -54. What are the prime factors of s?
3, 7
Let f be (104/32)/(2/32). Let u = 94 - f. List the prime factors of u.
2, 3, 7
Let b(s) be the second derivative of s**4/12 + s**3 + s**2 + 10*s - 3. Suppose -2*m - 2 = j + 11, 0 = 3*j - 5*m + 6. List the prime factors of b(j).
3
Suppose 0 = -3*v + 5*v + 2. Let x(t) = 27*t + 42. Let j be x(-4). What are the prime factors of v + 4 - (j + 17)?
2, 13
What are the prime factors of 3 - (-50)/(-15) - (-126364)/21?
11, 547
Suppose 0 = 110*h - 104*h - 